*d + 244. Suppose -2*v + 3*b + y = -89, -12 = -3*b. What is the remainder when v is divided by 32 + (-3*1 - -2)?
29
Suppose -2*l + 3 = -l. Suppose 5*s - 5*p + 85 = 0, l*s + 3*p + 66 + 3 = 0. Let r = s + 24. Calculate the remainder when 7 is divided by r.
3
Let j = 172 - 149. What is the remainder when j is divided by 14?
9
Let f = -39 - -35. What is the remainder when ((-20)/8)/(1/f) is divided by 7?
3
Let t be (16/(-10))/((-2)/(-25)). Let u = 23 + t. Suppose -u*q = 3*y - 48, 7*y = 3*y - 3*q + 68. Calculate the remainder when y is divided by 8.
4
Suppose 3*t = 61 + 119. What is the remainder when 115 is divided by t?
55
Let r = 327 - 292. Calculate the remainder when 242 is divided by r.
32
Let m = 8 + -5. What is the remainder when 50 is divided by ((-39)/(-9))/(1/m)?
11
Let s be 4 + 1 + 12/(-3). Let y(d) = 10*d**3 - 1. Calculate the remainder when 35 is divided by y(s).
8
Let x = -6 - -10. Let j be 2/(-10) - 818/10. Let o = j + 100. Calculate the remainder when o is divided by x.
2
Let c be 4 - ((3 - 9) + 3). Suppose 0 = -3*y + u + c + 1, -5*u - 14 = -2*y. Calculate the remainder when 10 is divided by 6 + (-2 - (y + -2)).
2
Suppose i + 2*i - 3*k = 15, -32 = -4*i + k. Calculate the remainder when 3 is divided by (4/18)/(1/i).
1
Suppose -2*p = -12*p + 30. Suppose -p*d + 3 = -6. What is the remainder when 8 is divided by d?
2
Suppose -3*y + 7 = -8, -5*g - 5*y + 200 = 0. Suppose v - g = -4*p, -v - v - 38 = -4*p. Calculate the remainder when 14 is divided by p.
5
Suppose 0 = 2*s - 3*w - 96, 2*s - 3*w = -w + 96. Calculate the remainder when 382 is divided by s.
46
Suppose 0 = 7*y - 0*y + 112. Let a = -8 - y. Calculate the remainder when 13 is divided by a.
5
Suppose 956 = 4*n + 4*z, -9*n + 8*n = 2*z - 239. Calculate the remainder when n is divided by 15.
14
Let d = -46 - -93. What is the remainder when (956/10 - 2)*(8/16 + 2) is divided by d?
46
Suppose 4*i - 56 = -2*r, 0*i - 4*i - 94 = -3*r. Calculate the remainder when 239 is divided by r.
29
Suppose -4*l - 102 = -2*b, 2*b + 5*l + 27 - 84 = 0. Suppose 2*s - 123 + b = 0. Calculate the remainder when s is divided by 22.
19
Suppose -16 = 4*c, c - 74 = 5*m - 328. Let t(u) = 21*u**2 + 2*u - 1. What is the remainder when m is divided by t(1)?
6
Let h = -13 - -32. Let g = h + -20. Calculate the remainder when 13 is divided by (0 + -7)/(g/1).
6
Suppose 17*o + 104 = 1481. What is the remainder when o is divided by 17?
13
Let v = 82 + -82. Suppose -5*t + 15 = v, 5*l - 2*t = -0*l + 14. Calculate the remainder when l is divided by 2.
0
Let u = 163 + -131. Let k(x) = -18*x - 1. Let y be k(1). Let j = -1 - y. What is the remainder when u is divided by j?
14
Let o(t) = -115*t**3 + 1. Let i be o(-1). Suppose -2*h - 37 = 59. Let f = h + i. What is the remainder when f is divided by 14?
12
Let l = -128 - -163. What is the remainder when 161 is divided by l?
21
Suppose -w + 4*v + 19 + 19 = 0, 3*v - 190 = -4*w. Suppose 0 = -5*u - 2*a + 78, 5*a + 70 - 49 = u. What is the remainder when w is divided by u?
14
Let h = 189 + -130. Suppose 0 = 6*f + 5 - h. Calculate the remainder when 42 is divided by f.
6
Calculate the remainder when (-2 + (0 - -3))/(1/20) is divided by 7.
6
Suppose -q = -j - 0*q - 106, 3*q + 102 = -j. Let o = j + 155. Let l = -626 + 643. What is the remainder when o is divided by l?
16
Let s(m) = m**2 - 6*m + 6. Suppose -z - 3*p + 16 = 0, 5*z - 2*p = -4*p + 67. What is the remainder when s(-5) is divided by z?
9
Suppose -3*j = -2*r + 1059, 4*r - 165 = -5*j + 1942. Calculate the remainder when r is divided by 23.
22
Let y = 1474 + -1433. What is the remainder when 490 is divided by y?
39
Let m be ((-6)/(-2))/(-3)*-3. Suppose 4*q - m*f + 2 = 58, q - 2*f = 9. What is the remainder when (-64)/(-10)*(-5)/(-1) is divided by q?
15
Suppose 852 = 32*j + 308. Suppose 0 = l - 46 - 55. Calculate the remainder when l is divided by j.
16
Let q(i) = -45*i + 3734. Let f = -108 - -371. What is the remainder when f is divided by q(82)?
43
Let o(q) = 3*q + 2. Let m(w) = -7*w - 5. Let l(b) = -4*m(b) - 10*o(b). Let a be l(1). What is the remainder when a/(-1) + (53 - 2) is divided by 8?
5
Suppose 2*o - 3*o = -9. Suppose -o*t + 36 = 3*t. Let i = 8 - -3. Calculate the remainder when i is divided by t.
2
Let b(u) = -2*u**3 - 5*u**2 + 12*u + 153. What is the remainder when b(-6) is divided by 67?
65
Let w(m) = -m**2 + 8*m + 2. Let g(c) = 8*c - 136. What is the remainder when g(21) is divided by w(7)?
5
Calculate the remainder when (-12)/(-150) + (-50384)/(-200) is divided by 17.
14
Let t(q) = q**2 + 24*q + 103. What is the remainder when 45 is divided by t(-20)?
22
Let z be (-1)/(-3) + 7/(21/242). Let r = -71 + z. Calculate the remainder when ((-12)/(-8))/(1/10) is divided by r.
5
Let r(d) = 3*d**2 - 2*d - 1. Suppose 87*l = 2413 + 110. What is the remainder when l is divided by r(-2)?
14
Suppose -k + 3 = z, -7*k - z = -3*k - 6. What is the remainder when 123 is divided by (-24)/(3/12 - k)?
27
Calculate the remainder when 116 is divided by (-10 - -30)/(-5) - -6.
0
Let g = -75 - -293. Calculate the remainder when g is divided by 96.
26
Calculate the remainder when 10/(-8) + (-1945)/(-20) is divided by 33.
30
Calculate the remainder when 47 is divided by 37/4 + (-189)/(-252).
7
Let m(l) = 12*l**2 - 43*l - 343. What is the remainder when m(-6) is divided by 39?
35
Let n(d) = d**3 - 19*d**2 - 8*d - 86. Calculate the remainder when n(20) is divided by 3.
1
Suppose 20 = -l + 6*l. Let j(m) = 0 - l*m + 26*m + 0. What is the remainder when j(1) is divided by 12?
10
Let l be (0*(-3)/12)/(-1). Suppose -5 = 7*t - 12*t, 3*s + t - 253 = l. Calculate the remainder when s is divided by 29.
26
Let q = -217 + 337. Calculate the remainder when q is divided by 35.
15
Let a(t) = 17*t + 143. Suppose 4*m - 823 = 797. What is the remainder when m is divided by a(-5)?
57
Calculate the remainder when (387/(-18) - 0)/(2/(-16)) is divided by 73.
26
Suppose -2*w - 5*i - 16 - 6 = 0, 2*w - 4*i = -22. Let f(x) be the first derivative of -x**2/2 - 8*x + 3. Calculate the remainder when 7 is divided by f(w).
1
Let j = -905 - -957. What is the remainder when 151 is divided by j?
47
Let f(d) = 16*d - 97. Calculate the remainder when 83 is divided by f(8).
21
Let r(z) = -z - 2 - 7*z**3 + 3*z**2 - 2*z**2 + 6 + 3*z**3. Calculate the remainder when r(-3) is divided by 9.
7
Suppose -14*v - 7*v = -504. Calculate the remainder when 41 is divided by v.
17
Let g(v) = 5*v + 7. Let o be g(-3). Let l(u) = u**3 + 8*u**2 + u + 5. Let r be l(o). Calculate the remainder when (r + -1)/4 + 44 is divided by 23.
20
Let l(h) = 210*h**3 + h. Let j = 48 + -47. Calculate the remainder when l(j) is divided by 43.
39
What is the remainder when ((-368)/10 + 2)*(-100)/15 is divided by 78?
76
Let p(s) = -30*s**3 - s**2 - s - 1. Calculate the remainder when p(-1) is divided by ((-187)/(-34))/((-3)/(-6)).
7
Suppose 324 = 21*q - 19*q. Calculate the remainder when q is divided by 43.
33
Suppose 6*x = -20*x + 1638. Calculate the remainder when 503 is divided by x.
62
Let b(l) = l**3 - 2*l**2 - 2*l + 1. Let d be b(3). Suppose d*p - 25 = -p. What is the remainder when 18 is divided by ((-3 - -3) + p)*1?
3
Let l = -253 - -344. Calculate the remainder when l is divided by (-2)/6 - (-70)/3.
22
What is the remainder when 189 is divided by (183 - -5)/(-3 - -2 - -3)?
1
Let f(y) be the third derivative of -y**6/120 - 2*y**5/15 - 3*y**4/8 + 5*y**3/6 - 3*y**2. Let w = 6 + -14. Calculate the remainder when f(w) is divided by 16.
13
Suppose 3*o + 36 = -o + 4*z, -2*o = 2*z - 2. Let c(w) = -w**2 - 7*w. Let l be c(o). What is the remainder when l/(-4)*-11 - -4 is divided by 10?
7
Calculate the remainder when 117 is divided by (-59 - 0)*(-13 - (-27 + 15)).
58
Suppose 2*j - 5*j = -45. Suppose -g + 37 = j. Calculate the remainder when g is divided by 13.
9
Let g(z) = z**3 + 23*z**2 - 50*z + 19. Calculate the remainder when 201 is divided by g(-25).
11
Let i = -45 - -105. Calculate the remainder when i is divided by 46.
14
Let t(b) be the second derivative of -b**5/20 + b**4/4 + b**3/2 + b**2/2 + 389*b. Let d = -6 + 8. What is the remainder when t(d) is divided by 7?
4
Let u = -4328 - -4353. Let m = 0 - -3. Suppose -m*h + 36 = h. Calculate the remainder when u is divided by h.
7
Suppose 5*l = -2*t + 20, -3*t - 1